{"id":40043,"date":"2020-09-02T23:34:47","date_gmt":"2020-09-03T02:34:47","guid":{"rendered":"https:\/\/blogdafeira.com.br\/home\/?page_id=40043"},"modified":"2023-02-13T15:36:20","modified_gmt":"2023-02-13T18:36:20","slug":"distritos","status":"publish","type":"page","link":"https:\/\/blogdafeira.com.br\/home\/distritos\/","title":{"rendered":"Distritos"},"content":{"rendered":"<div id=\"blogd-82114831\" class=\"blogd-final-post blogd-entity-placement\"><a href=\"https:\/\/www.feiradesantana.ba.leg.br\/\" target=\"_blank\" aria-label=\"BANNER-SITE-ENTREGADECHEQUE-CAMARADEFEIRA\"><img loading=\"lazy\" decoding=\"async\" src=\"https:\/\/blogdafeira.com.br\/home\/wp-content\/uploads\/2026\/03\/BANNER-SITE-ENTREGADECHEQUE-CAMARADEFEIRA.gif\" alt=\"\"  class=\"no-lazyload\" width=\"728\" height=\"90\"   \/><\/a><\/div><div id=\"blogd-3183340866\" class=\"blogd-fim-do-post-mobile blogd-entity-placement\" style=\"margin-left: auto;margin-right: auto;text-align: center;\"><a href=\"https:\/\/www.sefaz.feiradesantana.ba.gov.br\/\" target=\"_blank\" aria-label=\"728&#215;90 (6)\"><img loading=\"lazy\" decoding=\"async\" src=\"https:\/\/blogdafeira.com.br\/home\/wp-content\/uploads\/2026\/03\/728x90-6.gif\" alt=\"\"  class=\"no-lazyload\" width=\"728\" height=\"90\"  style=\"display: inline-block;\" \/><\/a><\/div><p>Zona rural e distritos de Feira de Santana<\/p><div id=\"blogd-1349866760\" class=\"blogd-conteudo-2-mobile blogd-entity-placement\"><a href=\"https:\/\/feirenses.com.br\/\" target=\"_blank\" aria-label=\"feirenses\"><img loading=\"lazy\" decoding=\"async\" src=\"https:\/\/blogdafeira.com.br\/home\/wp-content\/uploads\/2026\/04\/feirenses.png\" alt=\"\"  srcset=\"https:\/\/blogdafeira.com.br\/home\/wp-content\/uploads\/2026\/04\/feirenses.png 300w, https:\/\/blogdafeira.com.br\/home\/wp-content\/uploads\/2026\/04\/feirenses-170x45.png 170w, https:\/\/blogdafeira.com.br\/home\/wp-content\/uploads\/2026\/04\/feirenses-280x74.png 280w\" sizes=\"(max-width: 300px) 100vw, 300px\" class=\"no-lazyload\" width=\"300\" height=\"79\"  style=\"display: inline-block;\" \/><\/a><\/div>\n","protected":false},"excerpt":{"rendered":"<p>Zona rural e distritos de Feira de Santana<\/p>\n","protected":false},"author":1,"featured_media":0,"parent":0,"menu_order":0,"comment_status":"closed","ping_status":"closed","template":"","meta":{"jetpack_post_was_ever_published":false,"cybocfi_hide_featured_image":"","footnotes":""},"class_list":["post-40043","page","type-page","status-publish","hentry"],"jetpack_shortlink":"https:\/\/wp.me\/P3niVf-apR","jetpack_sharing_enabled":true,"jetpack-related-posts":[{"id":36188,"url":"https:\/\/blogdafeira.com.br\/home\/obrigado-pela-sua-contribuicao\/","url_meta":{"origin":40043,"position":0},"title":"Obrigado pela sua contribui\u00e7\u00e3o!","author":"Blog da Feira","date":"13\/03\/2020","format":false,"excerpt":"A equipe do Blog da Feira agradece imensamente a sua contribui\u00e7\u00e3o! Ao apoiar o Blog voc\u00ea apoia o jornalismo independente, o debate e a pluralidade de ideias em Feira de Santana. Nosso compromisso sempre foi (e sempre ser\u00e1) com informa\u00e7\u00e3o, an\u00e1lise e sobretudo debate de qualidade. Em breve, voc\u00ea receber\u00e1\u2026","rel":"","context":"Post similar","block_context":{"text":"Post similar","link":""},"img":{"alt_text":"","src":"","width":0,"height":0},"classes":[]},{"id":18,"url":"https:\/\/blogdafeira.com.br\/home\/contato\/","url_meta":{"origin":40043,"position":1},"title":"Contato","author":"Blog da Feira","date":"02\/04\/2013","format":false,"excerpt":"Janio Costa Rego Comunica\u00e7\u00f5es Rua Marechal Castelo Branco, 1669 Santa M\u00f4nica Feira de Santana\/BA 44077-100 Releases podem ser enviados para \u00a0redacao@blogdafeira.com.br J\u00e2nio R\u00eago (Jornalista) janiorego@blogdafeira.com.br Daniel R\u00eago (Comercial) daniel@blogdafeira.com.br","rel":"","context":"Post similar","block_context":{"text":"Post similar","link":""},"img":{"alt_text":"","src":"","width":0,"height":0},"classes":[]},{"id":35744,"url":"https:\/\/blogdafeira.com.br\/home\/colunistas\/","url_meta":{"origin":40043,"position":2},"title":"Colunistas","author":"Blog da Feira","date":"27\/02\/2020","format":false,"excerpt":"","rel":"","context":"Post similar","block_context":{"text":"Post similar","link":""},"img":{"alt_text":"","src":"","width":0,"height":0},"classes":[]},{"id":35565,"url":"https:\/\/blogdafeira.com.br\/home\/todos-os-posts\/","url_meta":{"origin":40043,"position":3},"title":"Todos os posts","author":"Blog da Feira","date":"19\/02\/2020","format":false,"excerpt":"","rel":"","context":"Post similar","block_context":{"text":"Post similar","link":""},"img":{"alt_text":"","src":"","width":0,"height":0},"classes":[]},{"id":86,"url":"https:\/\/blogdafeira.com.br\/home\/quem-somos\/","url_meta":{"origin":40043,"position":4},"title":"Quem somos","author":"Blog da Feira","date":"04\/04\/2013","format":false,"excerpt":"Fale conosco: contato@blogdafeira.com.br | comercial@blogdafeira.com.br J\u00e2nio R\u00eago (Jornalista) redacao@blogdafeira.com.br Daniel Rego daniel@blogdafeira.com.br","rel":"","context":"Post similar","block_context":{"text":"Post similar","link":""},"img":{"alt_text":"","src":"","width":0,"height":0},"classes":[]},{"id":58725,"url":"https:\/\/blogdafeira.com.br\/home\/politica-de-privacidade\/","url_meta":{"origin":40043,"position":5},"title":"Pol\u00edtica de Privacidade","author":"Daniel Rego","date":"24\/07\/2023","format":false,"excerpt":"O site Blog da Feira \u00e9 de propriedade da empresa Janio Costa Rego Comunica\u00e7\u00f5es, que \u00e9 a controladora de seus dados pessoais e tem sede na Rep\u00fablica Federativa do Brasil. N\u00f3s adotamos esta Pol\u00edtica de Privacidade, que determina como n\u00f3s estamos processando as informa\u00e7\u00f5es coletadas pelo site Blog da Feira\u2026","rel":"","context":"Post similar","block_context":{"text":"Post similar","link":""},"img":{"alt_text":"","src":"","width":0,"height":0},"classes":[]}],"_links":{"self":[{"href":"https:\/\/blogdafeira.com.br\/home\/wp-json\/wp\/v2\/pages\/40043","targetHints":{"allow":["GET"]}}],"collection":[{"href":"https:\/\/blogdafeira.com.br\/home\/wp-json\/wp\/v2\/pages"}],"about":[{"href":"https:\/\/blogdafeira.com.br\/home\/wp-json\/wp\/v2\/types\/page"}],"author":[{"embeddable":true,"href":"https:\/\/blogdafeira.com.br\/home\/wp-json\/wp\/v2\/users\/1"}],"replies":[{"embeddable":true,"href":"https:\/\/blogdafeira.com.br\/home\/wp-json\/wp\/v2\/comments?post=40043"}],"version-history":[{"count":5,"href":"https:\/\/blogdafeira.com.br\/home\/wp-json\/wp\/v2\/pages\/40043\/revisions"}],"predecessor-version":[{"id":56451,"href":"https:\/\/blogdafeira.com.br\/home\/wp-json\/wp\/v2\/pages\/40043\/revisions\/56451"}],"wp:attachment":[{"href":"https:\/\/blogdafeira.com.br\/home\/wp-json\/wp\/v2\/media?parent=40043"}],"curies":[{"name":"wp","href":"https:\/\/api.w.org\/{rel}","templated":true}]}}

Obrigado pela sua contribuição!

A equipe do Blog da Feira agradece imensamente a sua contribuição! Ao apoiar o Blog você apoia o jornalismo independente, o debate e a pluralidade de ideias em Feira de Santana. Nosso compromisso sempre foi (e sempre será) com informação, análise e sobretudo debate de qualidade. Em breve, você receberá…

Janio Costa Rego Comunicações Rua Marechal Castelo Branco, 1669 Santa Mônica Feira de Santana/BA 44077-100 Releases podem ser enviados para  redacao@blogdafeira.com.br Jânio Rêgo (Jornalista) janiorego@blogdafeira.com.br Daniel Rêgo (Comercial) daniel@blogdafeira.com.br

Fale conosco: contato@blogdafeira.com.br | comercial@blogdafeira.com.br Jânio Rêgo (Jornalista) redacao@blogdafeira.com.br Daniel Rego daniel@blogdafeira.com.br

Política de Privacidade

O site Blog da Feira é de propriedade da empresa Janio Costa Rego Comunicações, que é a controladora de seus dados pessoais e tem sede na República Federativa do Brasil. Nós adotamos esta Política de Privacidade, que determina como nós estamos processando as informações coletadas pelo site Blog da Feira…
